{"id":67,"date":"2025-07-10T19:00:47","date_gmt":"2025-07-10T19:00:47","guid":{"rendered":"http:\/\/penseesdevaleur.com\/?page_id=67"},"modified":"2025-07-23T19:43:03","modified_gmt":"2025-07-23T19:43:03","slug":"home","status":"publish","type":"page","link":"https:\/\/penseesdevaleur.com\/","title":{"rendered":"Home"},"content":{"rendered":"<p>&nbsp;<\/p>\r\n\r\n<figure class=\"wp-block-image size-large\"><img loading=\"lazy\" decoding=\"async\" width=\"683\" height=\"1024\" class=\"wp-image-22\" src=\"http:\/\/penseesdevaleur.com\/wp-content\/uploads\/2025\/07\/WhatsApp-Image-2025-06-26-at-12.46.17_89d9dbdb-683x1024.jpg\" alt=\"\" srcset=\"https:\/\/penseesdevaleur.com\/wp-content\/uploads\/2025\/07\/WhatsApp-Image-2025-06-26-at-12.46.17_89d9dbdb-683x1024.jpg 683w, https:\/\/penseesdevaleur.com\/wp-content\/uploads\/2025\/07\/WhatsApp-Image-2025-06-26-at-12.46.17_89d9dbdb-200x300.jpg 200w, https:\/\/penseesdevaleur.com\/wp-content\/uploads\/2025\/07\/WhatsApp-Image-2025-06-26-at-12.46.17_89d9dbdb-768x1152.jpg 768w, https:\/\/penseesdevaleur.com\/wp-content\/uploads\/2025\/07\/WhatsApp-Image-2025-06-26-at-12.46.17_89d9dbdb-1024x1536.jpg 1024w, https:\/\/penseesdevaleur.com\/wp-content\/uploads\/2025\/07\/WhatsApp-Image-2025-06-26-at-12.46.17_89d9dbdb.jpg 1067w\" sizes=\"auto, (max-width: 683px) 100vw, 683px\" \/><\/figure>\r\n\r\n<p style=\"text-align: center;\"><a href=\"https:\/\/penseesdevaleur.com\/?page_id=150\">COMMANDER LE LIVRE<\/a><\/p>\r\n\r\n<p><span style=\"color: #ac0000;\"><strong>POURQUOI CET OUVRAGE\u00a0?<\/strong><\/span><\/p>\r\n\r\n\r\n\r\n<p style=\"text-align: justify;\">\u00a0\u00a0 Cet ouvrage invite \u00e0 la r\u00e9flexion po\u00e9tique, reposant sur des pens\u00e9es de valeur po\u00e9tique qui nous emporte dans le bon, le vrai, le beau et la foi, un regard qui lib\u00e8re des citations, des po\u00e9sies, des pens\u00e9es, afin de nous plonger dans \u00ab l\u2019essenCiel \u00bb.<\/p>\r\n\r\n\r\n\r\n<p style=\"text-align: justify;\">En effet, une \u00e9criture po\u00e9tique est empreinte d\u2019\u00e9motions, ondule sur des vagues d\u2019une mer passant du calme \u00e0 la temp\u00eate sans naufrage, dans l\u2019agir \u00e0 travers des \u00e9crits inspir\u00e9s la nuit pour s\u2019\u00e9veiller dans les jours de lumi\u00e8re. Parfois, dans la nostalgie et pour un monde nouveau fait de transmission, d\u2019illuminations, de r\u00e9flexions. Nous sommes un trait d\u2019union entre le pass\u00e9, le pr\u00e9sent et l&#8217;avenir.<\/p>\r\n\r\n\r\n\r\n<p style=\"text-align: justify;\">Port\u00e9es ensemble, ces pens\u00e9es de valeur po\u00e9tique repr\u00e9sentent un plaidoyer, une attente pour un monde meilleur \u00e0 la port\u00e9e de chacun.<\/p>\r\n\r\n\r\n\r\n<p style=\"text-align: justify;\">La singularit\u00e9 d\u2019une po\u00e9sie en pens\u00e9es, sans mesure du temps, sans arr\u00eat impos\u00e9 sur image, loin d\u2019une vision manich\u00e9enne prend son envol sur la recherche d\u2019un monde meilleur o\u00f9 le bien commun est mis \u00e0 l\u2019honneur.<\/p>\r\n\r\n\r\n\r\n<p style=\"text-align: justify;\">C\u2019est \u00e9galement dans des situations les plus simples, les plus inattendues, loin du tumulte que l\u2019excellente se fait jour ! Elle s\u2019inscrit dans les rapports humains, des rapports d\u2019amiti\u00e9 qui rendent notre vie tellement appr\u00e9ciable, respectueuse et transparente.<\/p>\r\n\r\n\r\n<hr class=\"wp-block-separator has-alpha-channel-opacity\" \/>\r\n\r\n\r\n<p>&nbsp;<\/p>\r\n<p><span style=\"color: #ac0000;\"><strong>L\u2019AUTEUR\u00a0: QUI EST-IL\u00a0? UN AVOCAT, UN \u00c9CRIVAIN, UN PIANISTE\u2026<\/strong><\/span><\/p>\r\n\r\n\r\n\r\n<p style=\"text-align: justify;\">Christophe Gh\u00e9nassia est un homme de droit et de culture pour qui la foi, le beau, le vrai et le bon sont des \u00e9l\u00e9ments cl\u00e9s d&#8217;une vie dans la recherche d&#8217;un monde meilleur o\u00f9 l&#8217;excellence existe \u00e0 tous les niveaux de la vie, dans la diversit\u00e9 et dans le bien commun.<\/p>\r\n\r\n\r\n\r\n<p style=\"text-align: justify;\">Passionn\u00e9 de litt\u00e9rature, amateur d&#8217;un art et fervent d\u00e9fenseur du patrimoine, il incarne une vision humaniste et \u00e9clair\u00e9e de ses engagements.<\/p>\r\n\r\n\r\n\r\n<p style=\"text-align: justify;\">La passion pour les monuments historiques l&#8217;a amen\u00e9 \u00e0 acheter une propri\u00e9t\u00e9 de Madame de Pompadour, le moulin de la Bellassi\u00e8re, situ\u00e9e \u00e0 Cr\u00e9cy Couv\u00e9 o\u00f9 a \u00e9t\u00e9 cr\u00e9\u00e9 le jardin des six sens. Ainsi sa vie ne s&#8217;arr\u00eate pas aux livres ou aux mus\u00e9es, avec humilit\u00e9, il exerce parall\u00e8lement d&#8217;autres activit\u00e9s, enseignant lui laissant la possibilit\u00e9 de conjuguer avec \u00e9l\u00e9gance la rigueur juridique et la sensibilit\u00e9 artistique, auteur de po\u00e9sies et pianiste.<\/p>\r\n\r\n\r\n\r\n<p style=\"text-align: justify;\">Avocat au Barreau de Paris, il est enseignant en droit, formateur \u00e0 l&#8217;Institut Sup\u00e9rieur du Droit, Docteur Honoris Causa de Gloria International University US. Il a re\u00e7u le prix de l&#8217;Acad\u00e9mie des Sciences Morales et Politiques, le prix Texier II, de la Beaut\u00e9 de la France en 2014 en qualit\u00e9 de Pr\u00e9sident du Centre d&#8217;Observation et de R\u00e9flexion du d\u00e9veloppement durable (CORDD). Il a \u00e9t\u00e9 nomm\u00e9 Acad\u00e9micien Honoraire de l&#8217;Academia Euromediterranea Delle Arti \u00e0 laquelle il apporte son concours.<\/p>\r\n\r\n\r\n\r\n<p style=\"text-align: justify;\">Il rend gr\u00e2ce \u00e0 Marie chaque jour pour son existence apr\u00e8s la gr\u00e2ce re\u00e7ue \u00e0 Lourdes en 2015 qui lui a permis de remarcher.<\/p>\r\n\r\n\r\n\r\n<p style=\"text-align: justify;\">Christophe n&#8217;a pas voulu nous transmettre dans cet ouvrage de pens\u00e9es po\u00e9tiques un recueil de po\u00e9sies, il nous invite \u00e0 r\u00e9fl\u00e9chir au-del\u00e0, ensemble sur une vision plus large, pour que la diplomatie, la paix soit non seulement une direction, mais \u00e9galement une vision par la beaut\u00e9, par la bont\u00e9, pour une vie meilleure. Il ne s&#8217;agit pas d&#8217;une hypoth\u00e8se, mais d&#8217;une r\u00e9alit\u00e9 faite d&#8217;espoirs et d&#8217;esp\u00e9rances telle que chaque personne malade ou en situation de handicap peuvent les rechercher dans des lieux de foi comme \u00e0 Lourdes. Dans la vie il convient de faire preuve de cr\u00e9ativit\u00e9 o\u00f9 l&#8217;intelligence artificielle peut apporter tout en \u00e9tant encadr\u00e9, sans omettre les enseignements de nos pairs.<\/p>\r\n\r\n\r\n\r\n<p style=\"text-align: justify;\">Le monde, les think tank ont besoin d&#8217;id\u00e9es \u00e0 suivre. La po\u00e9sie qu&#8217;elle soit classique ou contemporaine a pour sa part besoin de mots pour agir et de se faire entendre.\u00a0 C&#8217;est dans la continuit\u00e9 du prix Alain Fournier-Rimbaud, Rimbaud g\u00e9ni du Bateau Ivre, \u00e9crit \u00e0 16 ans \u00e9tait non seulement r\u00e9volt\u00e9, troubadour mais surtout avant-gardiste pour nourrir des courants d&#8217;avenir.<\/p>\r\n\r\n\r\n\r\n<p style=\"text-align: justify;\">Il est un homme debout dans l&#8217;action, par moment au piano, une plume \u00e0 la main qui croit en la beaut\u00e9 de demain, attach\u00e9 \u00e0 la bont\u00e9 naturelle de l&#8217;Homme.<\/p>\r\n\r\n\r\n\r\n<p style=\"text-align: justify;\">Pour ceux qui peuvent douter, r\u00e9pondons par des po\u00e8mes et des \u00e9crits. Pour ceux qui tombent tendons leur la main et pour un monde meilleur de demain, ouvrons notre c\u0153ur.<\/p>\r\n\r\n\r\n\r\n<p style=\"text-align: justify;\">Si vous souhaitez acqu\u00e9rir son ouvrage, merci de laisser un message sur contact@penseesdevaleur.com<\/p>\r\n\r\n\r\n<hr class=\"wp-block-separator has-alpha-channel-opacity\" \/>\r\n\r\n\r\n<p>&nbsp;<\/p>\r\n<p><span style=\"color: #ac0000;\"><strong>UN OUVRAGE DE CITATIONS, DE PO\u00c9SIES, DE PENS\u00c9ES.<\/strong><\/span><\/p>\r\n\r\n\r\n\r\n<p>Et si nous vous faisions d\u00e9couvrir deux po\u00e9sies :<\/p>\r\n\r\n\r\n\r\n<p><a><strong><span class=\"has-superb-addons-text-align-justify\">Regard sur toile. Le beau s\u2019en ressent-il d\u2019une sublime beaut\u00e9 ?<\/span><\/strong><\/a><\/p>\r\n\r\n\r\n\r\n<p style=\"text-align: justify;\">J\u2019ai vu des mots qui s\u2019entrechoquent dans l\u2019\u00e9clat de ses yeux<br \/>Du topaze au vermeil qui \u00e9chappent aux ab\u00eemes,<br \/>Des feux en marbre blanc se fondent en ses cheveux<br \/>Tels des songes d\u2019or o\u00f9 tout leur est permis<\/p>\r\n\r\n\r\n\r\n<p style=\"text-align: justify;\">Le beau apparu si majestueux, sans artifice<br \/>Dans l\u2019ivresse de ce jour, portant mille tenues<br \/>Au gr\u00e9 des reflets et lumi\u00e8res de sourires<br \/>Sans ombres sombres, ni pens\u00e9es d\u00e9form\u00e9es<\/p>\r\n\r\n\r\n\r\n<p style=\"text-align: justify;\">Ce n\u2019est pas un monstre sacr\u00e9 d\u2019azur et d\u2019Apam\u00e9e<br \/>Ni un sourire au vitriol, ni une peau d\u00e9chir\u00e9e<br \/>Mais des caresses fines \u00e9manant de son corps<br \/>O\u00f9 se m\u00ealent les c\u0153urs aux flammes indicibles<br \/>&#8230;<br \/>&#8230;<\/p>\r\n\r\n\r\n\r\n<p><a><strong>Ode \u00e0 l&#8217;\u00c9nergie<\/strong><\/a><\/p>\r\n\r\n\r\n\r\n<p style=\"text-align: justify;\">Le repos m\u2019ennuie, il m\u2019alourdit,<br \/>J\u2019ai l\u2019\u00e2me en feu, le c\u0153ur en vie.<br \/>Pr\u00eat \u00e0 tout, vif et br\u00fblant,<br \/>Je cours, je cr\u00e9e, je vais de l\u2019avant.<\/p>\r\n\r\n\r\n\r\n<p style=\"text-align: justify;\">Je suis l\u2019\u00e9lan, l\u2019esprit ardent,<br \/>L\u2019entrepreneur du vent changeant.<br \/>Chaque instant, un pas, un bond,<br \/>Un r\u00eave en marche, un monde profond.<\/p>\r\n\r\n\r\n\r\n<p style=\"text-align: justify;\">Un r\u00eave en marche, un monde profond.<br \/>Le golf me guide, pr\u00e9cis, l\u00e9ger,<br \/>Un swing, un souffle, un ciel ouvert,<br \/>L\u00e0 o\u00f9 la nature, en doux baiser,<br \/>Me peint la terre en vert et clair.<\/p>\r\n\r\n\r\n\r\n<p style=\"text-align: justify;\">Beaut\u00e9 des cimes, rivi\u00e8res folles,<br \/>Je bois la vie, j\u2019en prends mon vol.<br \/>Le repos attendra, bien loin, plus tard,<br \/>Je suis mouvement, flamme et regard.<\/p>\r\n\r\n\r\n\r\n<p style=\"text-align: justify;\">\u2026<br \/>&#8230;<\/p>\r\n\r\n\r\n<hr \/>\r\n<p style=\"text-align: center;\"><a href=\"https:\/\/penseesdevaleur.com\/?page_id=150\">COMMANDER LE LIVRE<\/a><\/p>\r\n<hr \/>\r\n<p><span style=\"color: #ac0000;\"><strong>LA REMISE DU PRIX ALAIN FOURNIER-RIMBAUD \u00c0 LA SORBONNE LE 12 JUILLET 2025<\/strong><\/span><\/p>\r\n<p style=\"text-align: justify;\"><strong>R\u00e9ponse \u00e0 Monsieur le Professeur Giovanni Dotoli et Madame Maria Prestigiacomo afin de remercier l&#8217;Academia Euromediterranea Delle Arti de la remise du prix Alain Fournier \u2013 Rimbaud <\/strong><\/p>\r\n<p style=\"text-align: justify;\">Recevoir un prix Alain Fournier et Arthur Rimbaud en ce lieu prestigieux, la Sorbonne dans le cadre de l&#8217;Academia Euromediterranea delle Arti, c&#8217;est m&#8217;imaginer, \u00a0pensionnaire du coll\u00e8ge de Sainte-Agathe du Grand Meaulnes et redevenir l&#8217;espace d&#8217;un instant un adolescent fugueur qui parcourt sans rel\u00e2che les routes d\u2019Europe avec des chaussures sans chaussette, ni remords. Je me retrouve plong\u00e9 devant vous sur des \u0153uvres magnifiques, d&#8217;une extraordinaire jeunesse, emprunte d\u2019absolu, de fureur de vivre, telle une \u00e2me sensibilis\u00e9e \u00e0 vouloir changer la vie et donc d\u00e9sirer un monde meilleur.<\/p>\r\n<p style=\"text-align: justify;\">Avec Alain-Fournier, je prends l&#8217;apparence devant vous un dandy champ\u00eatre, auteur d&#8217;un seul ouvrage <em>Le Grand Meaulnes<\/em> si magnifique\u00a0! la nostalgie d&#8217;un r\u00eave perdu o\u00f9 s&#8217;\u00e9vertue un amour irr\u00e9el, tandis qu&#8217;avec Rimbaud, l&#8217;aventurier, le troubadour est le g\u00e9nie du bateau ivre \u00e0 16 ans, pr\u00e9sent\u00e9 tel &#8216;un cas particulier extraordinaire, presque un extra humain\u00bb par Marcel Proust. Une autre vie, une autre f\u00eate avec des images qui sont des coups de tonnerre et de fusil, une paix universelle o\u00f9 r\u00e9gnerait l&#8217;harmonie de Victor Hugo.<\/p>\r\n<p style=\"text-align: justify;\">S&#8217;ils ont recherch\u00e9 l\u2019introuvable, ils sont des plan\u00e8tes au firmament, des m\u00e9t\u00e9ores qui ont \u00e9clair\u00e9 une langue vivante. Je me targue de garder cette jeunesse universelle en tout cas dans mon esprit et totalement debout aujourd&#8217;hui\u00a0!<\/p>\r\n<p style=\"text-align: justify;\">Au milieu d&#8217;eux qui suis-je humblement ? un nouvel autre en devenir port\u00e9 par des inspirations, des aspirations \u00e0 \u00e9voquer le bien, le vrai, le beau, Dieu et la foi, la valorisation de la culture, l&#8217;humanisme dans l&#8217;excellence, le bien commun.<\/p>\r\n<p style=\"text-align: justify;\">Mais, je ne me sens gu\u00e8re \u00e9tranger \u00e0 ses dimensions romantiques et m\u00eame tragiques, sous une forme diff\u00e9rente en recherche \u00e9galement d&#8217;absolu, d&#8217;un autre monde en vue de l&#8217;embraser par une langue ou l&#8217;amour est form\u00e9e de mots suffisamment puissants exprim\u00e9e en ce jour \u00e0 travers une po\u00e9sie qu&#8217;il porte, apportant un parfum d&#8217;inaccessible pour un monde \u00e0 renaitre.<\/p>\r\n<p style=\"text-align: justify;\">Dans mes plus de cent po\u00e8mes qui composent cet ouvrage de 240 pages de pens\u00e9es de valeur po\u00e9tique, j&#8217;\u00e9voquerai plus le ciel qu&#8217;une saison d&#8217;enfer, me portant loin de Faust et port\u00e9 vers Dieu. S&#8217;il est omnipr\u00e9sent dans les illuminations d&#8217;Arthur Rimbaud transmettant une vibration, une voix, il m&#8217;apparait si pr\u00e9sent et \u00e0 notre port\u00e9e. Elle peut remplir nos soir\u00e9es, d&#8217;une po\u00e9sie, d&#8217;une lecture naissante de la nuit.<\/p>\r\n<p style=\"text-align: justify;\">Si Rimbaud fut un po\u00e8te-vibrant pour un langage sans chaine, loin de toute limitation, Alain Fournier capture l&#8217;inaccessible dans son \u0153uvre. Je d\u00e9sire \u00e9galement \u00e9clairer par le bien commun, un monde meilleur, en paix, par la confiance qu&#8217;une po\u00e9sie peut op\u00e9rer dans une humanit\u00e9 fragile o\u00f9 le divin est pr\u00e9sent telle une promesse d&#8217;un monde meilleur.<\/p>\r\n<p style=\"text-align: justify;\">Si le po\u00e8te peut-\u00eatre un voleur de feu qui se brule en s&#8217;identifiant face aux combats qu&#8217;il doit mener, sans rien l\u00e2cher, sa mission est autant celle de Prom\u00e9th\u00e9e, d&#8217;orph\u00e9e que celle de Fournier, de Rimbaud et m\u00eame de Verlaine et de tant d&#8217;autres r\u00e9unis. Son nom je l&#8217;associe dans l&#8217;esprit \u00e0 ce prix car Verlaine est si porteur de sens dans sa d\u00e9licatesse et son \u00e9l\u00e9gance qu&#8217;il est pr\u00e9sent \u00e9galement en ce jour.<\/p>\r\n<p style=\"text-align: justify;\">L&#8217;\u00e2me que j&#8217;\u00e9voque dans plusieurs po\u00e9sies a-t-elle une couleur, un parfum. L&#8217;\u00e2me parle aux \u00e2mes et je suis persuad\u00e9 qu&#8217;elles sont b\u00e9nies de Dieu ?<\/p>\r\n<p style=\"text-align: justify;\">Inventer un amour immense qui transcenderait tout est mon v\u0153u le plus cher et ce seront plus des r\u00e9v\u00e9lations que les illuminations de Rimbaud que je d\u00e9sirerai transmettre. Dans mes \u00e9crits, il y aura certainement moins de col\u00e8re, de souffrance ou la rage, en tout cas pour l&#8217;instant. Mais il n&#8217;y aura pas de drogue mais des maux r\u00e9solus des r\u00eaves r\u00e9alis\u00e9s, des id\u00e9es \u00e0 porter\u2026 de la main.<\/p>\r\n<p style=\"text-align: justify;\">Les vraies solutions me semblent naitre de mots choisis qui transcendent nos combats tels des chevaliers pour des causes qui en valent la peine et pour le bien commun.<\/p>\r\n<p>&nbsp;<\/p>\r\n<p style=\"text-align: justify;\"><strong>Vous trouverez ci-apr\u00e8s quelques titres de ces pens\u00e9es et po\u00e8mes \u00a0:<\/strong><\/p>\r\n<p style=\"text-align: justify;\">&#8211; Des \u00e2mes perdues \u00e0 l&#8217;\u00e2me d\u00e9livr\u00e9e<br \/>&#8211; Ne jamais rien l\u00e2cher et toujours oser<br \/>&#8211; Servir avec humilit\u00e9<br \/>&#8211; Un hymne aux amiti\u00e9s durables<br \/>&#8211; Un monde \u00e0 renaitre<br \/>.. Et tant d&#8217;autres<\/p>\r\n<p style=\"text-align: justify;\">Il se lit tr\u00e8s facilement, vous pouvez facilement revenir et choisir au hasard, si c&#8217;est vraiment c&#8217;est un hasard le po\u00e8me, la pens\u00e9e, la citation que vous y trouverez.<\/p>\r\n<p>&nbsp;<\/p>\r\n<p style=\"text-align: justify;\"><strong>Aimer est tout d&#8217;une po\u00e9sie qui se suffit \u00e0 lui-m\u00eame :<\/strong><\/p>\r\n<p style=\"text-align: justify;\">Je r\u00eave d&#8217;un monde glorieux, un monde \u00e0 renaitre qui s&#8217;impose, tout en cherchant \u00e0 rire de soi-m\u00eame pour que nous puissions partager nos r\u00eaves, pour une qu\u00eate, celle du bonheur afin d&#8217;\u00eatre des c\u0153urs \u00e9veill\u00e9s en Dieu.<\/p>\r\n<p style=\"text-align: justify;\">Comment conclure sans quelques mots en italien par respect et amour pour ce magnifique pays. Pour mes amis italiens \u00e9galement r\u00e9unis en ce jour par l&#8217;Academia, je dirai simplement :<\/p>\r\n<p style=\"text-align: justify;\">Vorrei ringraziare il professor Giovanni Dotoli et Maria Prestigiacomo per il Premio Fournier Rimbaud che ho ricevuto oggi alla Sorbonea. E un sonore immenso. Viva Francia. Viva Italia e la Sicilia!<\/p>\r\n<hr \/>\r\n<p>&nbsp;<\/p>\r\n<p><span style=\"color: #ac0000;\">POUR COMMANDER L\u2019OUVRAGE DES PENS\u00c9ES DE VALEUR PO\u00c9TIQUE\u00a0:<\/span><\/p>\r\n<figure id=\"attachment_168\" aria-describedby=\"caption-attachment-168\" style=\"width: 1682px\" class=\"wp-caption alignnone\"><img loading=\"lazy\" decoding=\"async\" class=\"size-full wp-image-168\" src=\"http:\/\/penseesdevaleur.com\/wp-content\/uploads\/2025\/07\/Screenshot-2025-07-23-at-21.40.04.png\" alt=\"Bon de commande\" width=\"1682\" height=\"1138\" srcset=\"https:\/\/penseesdevaleur.com\/wp-content\/uploads\/2025\/07\/Screenshot-2025-07-23-at-21.40.04.png 1682w, https:\/\/penseesdevaleur.com\/wp-content\/uploads\/2025\/07\/Screenshot-2025-07-23-at-21.40.04-300x203.png 300w, https:\/\/penseesdevaleur.com\/wp-content\/uploads\/2025\/07\/Screenshot-2025-07-23-at-21.40.04-1024x693.png 1024w, https:\/\/penseesdevaleur.com\/wp-content\/uploads\/2025\/07\/Screenshot-2025-07-23-at-21.40.04-768x520.png 768w, https:\/\/penseesdevaleur.com\/wp-content\/uploads\/2025\/07\/Screenshot-2025-07-23-at-21.40.04-1536x1039.png 1536w\" sizes=\"auto, (max-width: 1682px) 100vw, 1682px\" \/><figcaption id=\"caption-attachment-168\" class=\"wp-caption-text\">Bon de commande<\/figcaption><\/figure>\r\n<p>Envoyer ce bon rempli \u00e0:\u00a0<a href=\"mailto:contact@penseesdevaleur.com\">contact@penseesdevaleur.com<\/a><\/p>\r\n<p>En vue de remplir le bon de r\u00e9servation, si vous avez des commentaires, des questions, des \u00e9v\u00e8nements auxquels vous voudriez que je participe.<\/p>\r\n<p>&nbsp;<\/p>\r\n<p><strong>Je suis ravi de vous compter parmi les lecteurs des penseesdevaleur.com.\u00a0<\/strong><\/p>\r\n\r\n\r\n<hr \/>\r\n<p>&nbsp;<\/p>","protected":false},"excerpt":{"rendered":"<p>&nbsp; COMMANDER LE LIVRE POURQUOI CET OUVRAGE\u00a0? \u00a0\u00a0 Cet ouvrage invite \u00e0 la r\u00e9flexion po\u00e9tique, reposant sur des pens\u00e9es de valeur po\u00e9tique qui nous emporte dans le bon, le vrai, le beau et la foi, un regard qui lib\u00e8re des citations, des po\u00e9sies, des pens\u00e9es, afin de nous plonger dans \u00ab l\u2019essenCiel \u00bb. En effet, [&hellip;]<\/p>\n","protected":false},"author":1,"featured_media":0,"parent":0,"menu_order":0,"comment_status":"closed","ping_status":"closed","template":"page-no-title","meta":{"footnotes":""},"class_list":["post-67","page","type-page","status-publish","hentry"],"_links":{"self":[{"href":"https:\/\/penseesdevaleur.com\/index.php?rest_route=\/wp\/v2\/pages\/67","targetHints":{"allow":["GET"]}}],"collection":[{"href":"https:\/\/penseesdevaleur.com\/index.php?rest_route=\/wp\/v2\/pages"}],"about":[{"href":"https:\/\/penseesdevaleur.com\/index.php?rest_route=\/wp\/v2\/types\/page"}],"author":[{"embeddable":true,"href":"https:\/\/penseesdevaleur.com\/index.php?rest_route=\/wp\/v2\/users\/1"}],"replies":[{"embeddable":true,"href":"https:\/\/penseesdevaleur.com\/index.php?rest_route=%2Fwp%2Fv2%2Fcomments&post=67"}],"version-history":[{"count":33,"href":"https:\/\/penseesdevaleur.com\/index.php?rest_route=\/wp\/v2\/pages\/67\/revisions"}],"predecessor-version":[{"id":170,"href":"https:\/\/penseesdevaleur.com\/index.php?rest_route=\/wp\/v2\/pages\/67\/revisions\/170"}],"wp:attachment":[{"href":"https:\/\/penseesdevaleur.com\/index.php?rest_route=%2Fwp%2Fv2%2Fmedia&parent=67"}],"curies":[{"name":"wp","href":"https:\/\/api.w.org\/{rel}","templated":true}]}}